 + 13. Let b be d(9). Suppose -y - 147 + 37 = -5*f, -b*f = -4*y - 88. Calculate the remainder when f is divided by 12.
10
Let w(l) = 5 + 2 + 2*l + 6 - 5. What is the remainder when w(13) is divided by (6/(-5))/((-1)/10)?
10
Suppose q - 2*q = -5. What is the remainder when (-5)/(5/(-18)) - -1 is divided by q?
4
Let l(j) be the second derivative of -j**3/6 + 9*j**2 - 5*j. Let k = 15 - -6. What is the remainder when k is divided by l(10)?
5
What is the remainder when 1/(12/(-63))*-12 is divided by 16?
15
Let k = 5 - -5. Suppose 0 = 2*u - 3 - 55. Calculate the remainder when u is divided by k.
9
Let d(r) = 6*r - 15. Calculate the remainder when d(6) is divided by 6.
3
Let x(f) = -f**3 + 6*f**2 - 2*f + 6. Let k be x(6). Let p(q) = 3*q**3 + 4*q**3 + 7*q**2 - 6*q**3 + 8 + 6*q. Calculate the remainder when 23 is divided by p(k).
7
Suppose 2*x - 3*x = -21. Let p = x + -8. Calculate the remainder when 37 is divided by p.
11
Suppose -2*o + 3*o = -2*q + 73, -5*q - 164 = -3*o. What is the remainder when 16 is divided by o/7 - (2 + 1)?
4
Suppose 0 = 8*i - 18*i + 900. Calculate the remainder when i is divided by 23.
21
Let k = 29 - 20. Calculate the remainder when 15 is divided by k.
6
Let y = 18 + -46. Calculate the remainder when 68*(0 - y/16) is divided by 30.
29
Suppose -2*o - 4*d + 13 = -7, -4*o = -d - 4. Let k be (-1)/((-10)/4 + o). What is the remainder when k*2 + (0 - 1) is divided by 2?
1
Let i = 8 - 12. Let t(j) = -j**3 + 4*j**2 + 8*j - 5. Calculate the remainder when (-1 + 5)*(-19)/i is divided by t(5).
9
Suppose -5*w = -5*i + 55, i - 3*w = 7 + 4. What is the remainder when 21 is divided by i?
10
What is the remainder when 45 is divided by -2 - 100/((-16)/4)?
22
Suppose 0 = -5*b + 10*b - 100. Let a = 3 - -8. What is the remainder when b is divided by a?
9
Suppose 0*f + f = 6. Let s = -4 + 6. Suppose -4*k + 8 = -s*k. What is the remainder when f is divided by k?
2
Suppose 3*g - 24 = 18. Suppose -y + 3*o - 2*o = -41, -3*o - 164 = -4*y. What is the remainder when y is divided by g?
13
Let k = 8 + 6. What is the remainder when 27 is divided by k?
13
Suppose 2*m - 10 = m. Let s = -61 - -99. Suppose 2*k + 6 = u + s, -8 = -2*u. What is the remainder when k is divided by m?
8
Suppose 0 = -6*u + 9*u - 594. Suppose 0 = -y + 4*y - u. What is the remainder when y is divided by 17?
15
What is the remainder when 43 - 3/(-2 - -5) is divided by 22?
20
Let y(i) = 4*i**2 + 3*i - 4. Suppose -38 - 8 = 2*a. Let x be (-10)/(-35) + a/7. What is the remainder when 44 is divided by y(x)?
21
Suppose 3*r + 3*g + 30 = 0, -5*g + 3 = 2*r + 11. Calculate the remainder when 9 is divided by (-38)/r - (-2)/7.
0
Let t be 6/15 + 28/5. Suppose -t*z = -3*z. Suppose z = -n - 3*n + 16. Calculate the remainder when 10 is divided by n.
2
Suppose -b = -2*o - 3*o - 30, 5*o = 3*b - 20. Let h(t) = -t**2 - 9*t - 7. Suppose 8*n - 147 = 5. Calculate the remainder when n is divided by h(o).
5
Suppose 2*j = -j + 21. Let a(v) = v**2 - 7*v + 3. Let k be a(j). Suppose k*h = 3*b - 33, 4*h + 1 = 9. Calculate the remainder when 37 is divided by b.
11
Suppose -4*b + 0*b + 80 = 0. Calculate the remainder when b is divided by 8.
4
Suppose -2*g - 4*y + 20 = 0, 3*g - y - 51 = -0*g. What is the remainder when 63 is divided by g?
15
Suppose 173 - 50 = o. What is the remainder when o is divided by 32?
27
Let u = -199 - -286. What is the remainder when u is divided by 45?
42
What is the remainder when (64/(-6) - (-1)/(-3))*-3 is divided by 12?
9
What is the remainder when (3 - 4)/((-1)/33) is divided by 18?
15
Let b(v) = 3*v + 3. Suppose -3*x + 15 = -3*r, -x - 2*r - 4 + 3 = 0. Calculate the remainder when 23 is divided by b(x).
11
Let l be (1 - -1)/(10/120). Suppose 0 = 2*r - 8 - l. Let b = 21 - 15. Calculate the remainder when r is divided by b.
4
Let v = 7 + 0. What is the remainder when (9 + 4/1)*1 is divided by v?
6
Let j(r) = -r**2 + 6*r + 2. Suppose 0 = -4*k - 3*h + 33, -3*k - 3*h + 15 = -12. Calculate the remainder when 2 is divided by j(k).
0
Suppose 2*v - 17 = 41. Calculate the remainder when v is divided by (-3)/2*32/(-6).
5
Suppose -9 - 1 = -5*t. Let a(u) = -u**3 + 7*u**2 - 5*u - 5. Calculate the remainder when a(2) is divided by t.
1
Let t(i) = -4*i + 4 - 3*i**3 + 6*i**2 + 2*i**3 - 1. What is the remainder when 31 is divided by t(2)?
9
Let a = 18 + 52. What is the remainder when a is divided by 24?
22
Let t be (3/(-2))/(1/(-2)). Let l = 1 + t. Calculate the remainder when -2*(-2 + (-22)/l) is divided by 8.
7
Let l = -20 + 80. Suppose -2*b + 5*h - 84 = 2*b, -2*b - 2*h = l. Let f = 8 - b. Calculate the remainder when f is divided by 12.
10
Let y = -3 - -41. Calculate the remainder when y is divided by 13.
12
Suppose 0 = -15*a + 20*a - 200. Calculate the remainder when a is divided by 14.
12
Let q = -25 + 27. Suppose -n - 3 = -4*x - 5, -2*n + q*x = -4. Calculate the remainder when 6 is divided by n.
0
Suppose 4*j + 161 = -k + 4*k, -2*k + 114 = 4*j. What is the remainder when k is divided by 14?
13
Let m(t) = t**3 - 6*t**2 - 6*t - 1. What is the remainder when m(7) is divided by 2?
0
Suppose 0 = -5*d + 18 - 3. Let r = d - 4. Calculate the remainder when 16 is divided by r*(1 + 2)*-3.
7
Let o(h) = -h**3 + 2*h**2 - 1. Let v be o(1). Suppose v = 4*d + d - 165. Calculate the remainder when d is divided by 9.
6
Suppose 42 + 3 = -3*n. Let i = 55 + n. Calculate the remainder when i is divided by (2 - -1)/((-3)/(-14)).
12
Let n(o) = o**3 + 5*o**2 - o - 3. Calculate the remainder when 48 is divided by n(-4).
14
Suppose 3*f + 2*n - 91 = 4*n, f - 5*n - 26 = 0. Calculate the remainder when 61 is divided by f.
30
Let x = -11 - -11. Suppose 3*l - l - 56 = x. What is the remainder when l is divided by 15?
13
What is the remainder when 54 is divided by ((-308)/55)/(2/(-5))?
12
Suppose -20 = -6*b + 2*b. Suppose 5*u = -j + 86, -b*u + 3*j = -129 + 47. Calculate the remainder when 48 is divided by u.
14
Let l = -2 - -2. Suppose 2*j + 11 = g - l*g, -g + 7 = -j. Suppose 2*o + d - 18 + 0 = 0, 2*d = 4. Calculate the remainder when o is divided by g.
2
Let h(r) = r**3 + r**2 - 20. Let v be h(0). What is the remainder when 43 is divided by (-232)/(-10) + 4/v?
20
Let c(a) = -a**2 + a - 21. Let l be c(0). Let y be (-10)/(-25) - (188/(-5) - 0). Let t = l + y. What is the remainder when t is divided by 6?
5
Suppose 0 = -10*u - 6*u + 256. Calculate the remainder when 26 is divided by u.
10
Let s(r) be the third derivative of -r**6/120 + r**5/10 - r**4/4 - r**2. Calculate the remainder when 5 - 2 - (-6 - 5) is divided by s(4).
6
Suppose -23 + 2 = -3*r. What is the remainder when 61 is divided by r?
5
Let p(h) = -h**3 - 3*h**2 - 2*h + 1. What is the remainder when 18 is divided by p(-3)?
4
Let q = 10 - 2. Suppose 3*b - 2*j = 5 + 15, -q = -3*b - j. Suppose 5*x - b*k = 2*x + 72, 2*k + 86 = 4*x. Calculate the remainder when x is divided by 11.
9
Suppose -b + 0 + 4 = 0. Let q = -224 - -227. Calculate the remainder when b is divided by q.
1
Let h(r) = -r**2 - 11*r - 2. Suppose 4*x = -0*x - 40. Calculate the remainder when 15 is divided by h(x).
7
Suppose -w = 1, -4*w + 25 = 2*i - 7*w. Calculate the remainder when 30 is divided by i.
8
Suppose -5*v = -25, 18*s - 17*s + v - 12 = 0. Calculate the remainder when 2/(-6)*2*-30 is divided by s.
6
Suppose 0 = -z + 6*z - 5. Suppose 55 + z = 2*h - 5*k, 28 = h + k. Suppose -57 = -5*f - 7. What is the remainder when h is divided by f?
8
Suppose 7*r - 32 - 24 = 0. Calculate the remainder when r is divided by 2.
0
Let g(p) = -6*p**3 + p**2 + p + 1. Suppose 19 = b - 5*r, -3*b + b + 5*r = -18. What is the remainder when 13 is divided by g(b)?
6
Let v(q) = 14*q**2 - 8*q - 44. Let x(o) = -5*o**2 + 3*o + 15. Let c(m) = -6*v(m) - 17*x(m). Calculate the remainder when c(4) is divided by 5.
3
Let g = 5 - -32. What is the remainder when g is divided by (-2)/(-3) + (-111)/(-9)?
11
Suppose -156 = -0*q - 4*q. Let z = q - 17. Suppose z = 4*p - 26. Calculate the remainder when 23 is divided by p.
11
Let l(d) = -4*d**3 - d**2 - 3*d - 1. Let y be l(-2). Suppose -12 - y = -3*s. What is the remainder when 58 is divided by s?
13
Let h be ((-8)/4)/(2/(-35)). What is the remainder when 17 is divided by h/4 - (-2)/8?
8
Suppose -2*m - p + 49 = 4*p, 3*m = p + 116. Let j = 38 + -19. Calculate the remainder when m is divided 